igit of j(8)?
2
Let p(w) = -3*w - 6. Let i be p(-17). Suppose r = 19 + i. What is the tens digit of r?
6
What is the units digit of 11011/63 - (-2)/9?
5
Let b = -91 - -794. What is the hundreds digit of b?
7
Let b(n) = n**3 - 9*n**2 + 7*n + 3. Let s be b(8). Let q = 20 + s. What is the units digit of q?
5
Suppose 48*f = 50*f - 1152. Suppose -12*i = -360 - f. What is the units digit of i?
8
Suppose -4*u - 5*r = -12, -2*u + 2*r + 6 + 0 = 0. Suppose u*z - 465 = -0*z. What is the tens digit of z?
5
Suppose 0 = -3*y - 4 + 7. Let o be ((-11)/((-198)/348))/((-4)/(-6)). Suppose o = 5*s - y. What is the units digit of s?
6
Suppose -688 = -8*h + 4*h. What is the tens digit of (h/6)/((28/(-63))/(-2))?
2
Let c be (-6)/((-90)/28 - -3). Let v = c - 5. Suppose 0 = 2*j - 115 - v. What is the tens digit of j?
6
What is the hundreds digit of (13 - (-482)/(-8))/((-2)/8)?
1
What is the hundreds digit of -2*-6*2/(-12) + 413?
4
What is the units digit of (3009/118)/(1/6)?
3
Suppose 0 = -4*v + 4*a - 2*a + 118, -3*v = 2*a - 106. Suppose -4*q + v = -3*q. What is the tens digit of q + -2 + 2 + -2?
3
Suppose -112*g + 104*g + 6120 = 0. What is the hundreds digit of g?
7
Suppose -y = -3*y + 4. Let h be (-1*(-20)/5)/(2/4). Suppose y*c = h, 0 = 4*r - 4*c - 200 + 36. What is the units digit of r?
5
Let r(v) be the first derivative of -v**4/24 + v**3/6 - 2*v**2 + 1. Let h(b) be the second derivative of r(b). What is the units digit of h(-10)?
1
Let m(z) = -z**3 + z**2 + 3*z + 3. Let s be m(-2). Let p(n) = 4*n + 7. What is the tens digit of p(s)?
4
Suppose 12*h - 2780 - 10708 = 0. What is the units digit of h?
4
Let t = -4 + 29. Let d be 0/((-2)/(-6)*21). Suppose d = 3*x - 32 - t. What is the units digit of x?
9
Let c(y) = y**3 + 6*y**2 - y + 2. Let l be c(-5). Suppose q + l = 5*g + 4*q, -g - 5*q = -2. What is the units digit of g?
7
Suppose -4*u + 10 = u. What is the units digit of (-3276)/(-56) - (-1)/u?
9
Suppose 0 = 9*q - 623 - 3517. Suppose 4*j = 2*x - 496, 6*j - j = -2*x + q. What is the units digit of x?
0
Suppose d - 4*d = 15. Let s = -8 + d. Let g = s + 15. What is the units digit of g?
2
Let x be 68/119 - 552/(-14). What is the tens digit of (-16)/x - 997/(-5)?
9
Let q(r) = -r**3 + 2*r**2 + 4*r + 175. What is the hundreds digit of q(0)?
1
Let j be (106/(-3))/(12/(-36)). Suppose -q - n = -5*n - 18, 5*q - 4*n - j = 0. What is the tens digit of (-4)/q - (-1330)/55?
2
Let z be ((-239)/5 + 3)*-5. Let l = 328 - z. What is the hundreds digit of l?
1
Suppose -3604 = -23*n - 614. What is the hundreds digit of n?
1
Let a = 24 - 24. Suppose a = 17*y - 13*y - 108. What is the tens digit of y?
2
Suppose -s + 5*v - 183 = -3*s, 0 = s + 2*v - 94. Let q = -2 + -52. Let w = q + s. What is the units digit of w?
0
Let y be (-10870)/(-15) - (-2)/(-3). Suppose -2*s + 6*s = -4*x + y, 0 = -4*x - s + 724. What is the units digit of x?
1
Let t be (2 + 2)/20 + 14/5. Suppose o + 2*v - 181 = -t*v, 3*o + v - 515 = 0. What is the tens digit of o?
7
Suppose -8*x + 20*x = -60. What is the units digit of x*(-103)/4 + (-18)/24?
8
What is the units digit of (-14)/(-21)*59454/12?
3
Let n(b) = -b**2 - 9*b + 30. Let a be n(-10). What is the tens digit of -3 + 376/a - (-1)/5?
1
Let z = 1624 + 175. What is the units digit of z?
9
Suppose 2*r = 3*r - 5. Suppose 5*u = 4*d - 25, d + 3*u + 10 + r = 0. Suppose d = -5*i + q + 158, -3*i - i = q - 130. What is the tens digit of i?
3
Suppose 48 = -2*s + 6*s. Suppose 0*j = -2*j + f - 5, 3*f = 3*j + s. Let n = 27 - j. What is the units digit of n?
8
Let t(r) = r**2 + 7*r + 36. What is the units digit of t(-15)?
6
Let f(h) = -h**3 - 13*h**2 + 16*h - 8. Let q be f(-14). Let t = q - -156. What is the hundreds digit of t?
1
Let y be (-1)/(3/(-27)*-3). Let f(s) = s**2 - 2*s - 10. Let k be f(y). Suppose -4*o + k = 4*p + 1, 3*p - 2*o = 3. What is the units digit of p?
1
Let n(l) = -23*l - 15. Let j be n(-5). Suppose -4*h + j = 4*x, 4*x - 63 = -3*h + 5*x. What is the units digit of h?
2
Let l(f) = -10*f + 22. Let d be 2*-3*(-7)/(-3). What is the units digit of l(d)?
2
Let p(y) = -53*y**3 - y**2 - 3*y + 2. What is the hundreds digit of p(-2)?
4
Let q(f) = -f**3 + f**2 - 2*f + 172. Let p be q(0). Suppose 0 = 2*w - p - 130. What is the tens digit of w?
5
Let n(y) = 3*y**2 + 56*y - 35. What is the units digit of n(-25)?
0
Let t = 379 - 225. What is the tens digit of -3 + -2 + -16 + t?
3
Let f = 29 - 33. What is the tens digit of 126/(f*(-9)/24)?
8
Suppose 0 = -3*z + 10*z + 266. What is the units digit of (-4)/z - (-14300)/247?
8
Suppose 4*v + 2*k - 60 = -24, -3*v - 4*k + 22 = 0. Suppose 0 = -5*j - v. What is the units digit of 12/(4 - 1) - j?
6
What is the hundreds digit of 633 - (4 + 6 + -9)?
6
What is the units digit of 300040/(-156)*18/(-10)?
2
Let p(q) = q + 9. Let s be p(-4). Suppose 3*d = -2*b + 620, s*b + 3*d - 1567 = 4*d. Suppose -4*m - 93 = 5*x - b, -2*m + 96 = -x. What is the units digit of m?
0
Let c(u) = -2*u + 12. Let q be c(8). Let p be q/8 + 99/(-2). What is the tens digit of -2*(1 + p/4)?
2
Let m(y) = y**3 + 2*y**2 + 3. Let b be m(-2). Suppose t - 89 = -z - 0*t, b*t = -2*z + 180. What is the units digit of z?
7
Suppose 24 = 4*h + 3*q, h + q - 6*q - 6 = 0. Suppose -i = -h - 209. What is the tens digit of i?
1
Let z(d) = -d**2 - 12*d + 6. Let l be z(-12). Suppose q = -q + l. Suppose 4*t - 103 - 41 = -5*h, 107 = q*t + 4*h. What is the units digit of t?
1
Let m(l) be the third derivative of -l**6/120 - l**5/20 - l**4/12 - 2*l**3 - 8*l**2. What is the units digit of m(-5)?
8
Suppose -54 = -u + 15. Suppose -4*r = -u - 207. What is the units digit of r?
9
Suppose 5058 + 77 = 5*k. What is the units digit of k?
7
Suppose 0 = -47*f + 75*f - 58492. What is the units digit of f?
9
Let g(q) = -45*q**3 - 9*q**2 + 6*q + 9. What is the hundreds digit of g(-3)?
1
Let v(k) be the second derivative of 2*k**3 + 9*k**2/2 - 6*k. What is the units digit of v(6)?
1
Let p = 41 - 44. What is the units digit of 1 - -1*(p - -40)?
8
Suppose -2*o - 189 = -185. What is the units digit of (o - -3)/((-9)/18) - -4?
2
Let v be (-5 + 2)/(((-18)/16)/3). Let u(f) = -f. Let n(l) = 4*l. Let h(a) = 6*n(a) + 22*u(a). What is the units digit of h(v)?
6
Suppose -1 + 13 = -4*s - 3*k, 5*s - k - 4 = 0. Suppose s*d - 59 = -3*d - 5*q, -d - 5*q = -23. Let v(b) = -b**2 + 20*b - 1. What is the tens digit of v(d)?
3
Suppose 3*r - 1509 = -2*z, 5*z + 10*r = 5*r + 3780. What is the units digit of z?
9
Let q(y) = 13 + 0 + 8*y + 6. What is the hundreds digit of q(15)?
1
Let l be -2 + 91 + 8/4. Let r be l/35 - (-3)/(-5). What is the units digit of r - ((-56 - 3) + -1)?
2
Let w = -525 + 965. What is the tens digit of w?
4
Suppose 5*u = 28 + 77. Let a = -11 + u. What is the tens digit of 102/5 + (-4)/a?
2
Let c = 231 + -164. What is the units digit of c?
7
Suppose -23*k + 10440 = 13*k. What is the tens digit of k?
9
Suppose 1183 = -4*i + 5*w, -i = -6*i - 5*w - 1490. Let s = 444 + i. What is the units digit of s?
7
Suppose 0 = -4*h + 7 + 25. Suppose -b + h = 2*a - 0*a, -5*b - 4 = -a. Suppose 39 = 3*i - 0*s - a*s, 0 = 4*i + 3*s - 52. What is the units digit of i?
3
Let c(b) = b**2 - 12*b - 22. Suppose -3*m = -3*a - 0*a - 102, 0 = 4*a - m + 124. Let h = a - -47. What is the tens digit of c(h)?
6
Let w = -1665 + 2546. What is the units digit of w?
1
Suppose 3*m + 2*j = 20, -3*j + 2*j = -2*m + 18. Suppose 0 = 11*y - m*y - 375. Suppose 4*w = y - 25. What is the units digit of w?
5
Let v = -31 - -49. Let l be (-4)/v - 16/(-72). Suppose r - 4*r + 27 = l. What is the units digit of r?
9
Let c = 106 - -22. Suppose 3*j = c + 232. Suppose -y = 2*y - j. What is the units digit of y?
0
Let m be (3 - 9)/(-2) + -28*7. Let f = m - -278. What is the units digit of f?
5
Let l(s) = -s**3 + 8*s**2 + s - 6. Let y be ((-1)/(-3) + -3)*3. Let a = 16 + y. What is the units digit of l(a)?
2
Let r = -40 - -44. Suppose -f + r*f = 267. What is the tens digit of f?
8
Let q = -37 + 41. Suppose -q*v + 2 - 330 = -4*h, -20 = 4*v. What is the tens digit of h?
7
Let i(y) = -y**3 - 7*y**2 + 12*y + 9. Let j be i(-8). Let r = j - -21. What is the units digit of r/6 + (-156)/(-9)?
7
Suppose -5*w = -2*u - u - 2003, 804 = 2*w - 4*u. What is the units digit of w?
0
Let x(w) = -w**2 + 8*w - 7. Let z be x(7). Suppose -u + 3*u - 52 = z. Let m = u + -15. What is the